4
Convert -169 (base 16) to base 8.
-551
Convert -c199 (base 14) to base 10.
-33259
What is 3378 (base 9) in base 16?
9c5
Convert 1031 (base 5) to base 6.
353
What is 631 (base 11) in base 7?
2134
-2041443 (base 5) to base 15
-a118
-101110110011 (base 2) to base 8
-5663
-36 (base 10) to base 4
-210
Convert 3a0 (base 12) to base 7.
1416
What is 3418 (base 10) in base 8?
6532
What is -1680 (base 9) in base 6?
-5543
What is -244024 (base 5) in base 4?
-2100300
Convert -617 (base 8) to base 4.
-12033
What is 110001101 (base 2) in base 4?
12031
Convert 6230 (base 7) to base 9.
2878
10505 (base 9) to base 5
210341
What is -3664 (base 9) in base 8?
-5253
-9ca (base 13) to base 3
-2022111
-32240 (base 8) to base 10
-13472
Convert 694 (base 13) to base 15.
50a
-3114 (base 12) to base 11
-4019
Convert -211120 (base 5) to base 3.
-100122120
-50d (base 15) to base 16
-472
Convert -116401 (base 7) to base 10.
-21463
Convert 63 (base 13) to base 6.
213
Convert -303311 (base 4) to base 9.
-4485
-61051 (base 10) to base 6
-1150351
Convert -1123 (base 8) to base 6.
-2431
33011 (base 4) to base 6
4245
Convert 1002212000 (base 3) to base 16.
5502
Convert -1122100 (base 3) to base 5.
-14242
Convert 385 (base 16) to base 7.
2425
What is 2033 (base 4) in base 5?
1033
Convert 203231 (base 4) to base 10.
2285
What is 2775 (base 8) in base 3?
2002210
Convert -1124315 (base 6) to base 12.
-2969b
Convert 5470 (base 8) to base 2.
101100111000
5651 (base 13) to base 16
2f21
-674 (base 15) to base 5
-21314
ed (base 16) to base 2
11101101
-b2b0 (base 13) to base 10
-24648
3867 (base 10) to base 2
111100011011
What is 430 (base 12) in base 14?
31a
What is -432 (base 5) in base 4?
-1311
What is 14205 (base 8) in base 4?
1202011
Convert 5031 (base 6) to base 9.
1451
What is -733 (base 8) in base 13?
-2a7
Convert 6c1 (base 14) to base 15.
5ea
Convert -992 (base 16) to base 4.
-212102
10220020 (base 3) to base 5
42331
9a2 (base 12) to base 10
1418
Convert 62d5 (base 15) to base 9.
31602
What is 556 (base 8) in base 14?
1c2
What is 1101010111 (base 2) in base 7?
2331
-166 (base 16) to base 4
-11212
Convert 23a (base 15) to base 3.
200201
Convert 53220 (base 6) to base 4.
1300230
Convert -2606 (base 12) to base 5.
-114301
Convert 1130030 (base 4) to base 11.
4484
1005 (base 15) to base 13
1700
Convert -232120 (base 4) to base 14.
-1120
Convert 13004 (base 5) to base 2.
1111101100
What is -3750 (base 8) in base 13?
-bc9
Convert 20212 (base 3) to base 12.
135
What is 2e40 (base 16) in base 6?
130452
12432 (base 6) to base 11
1470
Convert -102020 (base 3) to base 9.
-366
Convert 127a (base 12) to base 8.
4076
What is 3ca (base 16) in base 9?
1287
-12611 (base 8) to base 15
-1978
-140311 (base 5) to base 8
-13112
-2020102 (base 3) to base 10
-1631
204012 (base 5) to base 12
3ab1
1101011111100110 (base 2) to base 15
1159a
What is 4414 (base 5) in base 14?
317
What is 2b59 (base 16) in base 4?
2231121
What is 13121 (base 4) in base 2?
111011001
8641 (base 13) to base 16
48d3
Convert -4bf (base 16) to base 5.
-14330
What is -76a (base 13) in base 11?
-a56
What is -46520 (base 8) in base 15?
-5ce7
Convert -1111012 (base 3) to base 15.
-4c5
-5a66 (base 11) to base 7
-32066
Convert 3041 (base 5) to base 15.
1b6
Convert 633 (base 8) to base 16.
19b
Convert 5226 (base 7) to base 8.
3451
-542b (base 13) to base 6
-130054
1100011 (base 2) to base 13
78
What is 10101120 (base 3) in base 7?
10131
-431222 (base 5) to base 4
-3203202
What is -122212 (base 5) in base 15?
-15c2
23130 (base 7) to base 5
142101
Convert 2340 (base 7) to base 3.
1011220
-775 (base 12) to base 9
-1448
-b0 (base 16) to base 15
-bb
Convert -10e7b (base 16) to base 12.
-340a3
Convert 430553 (base 6) to base 13.
13041
28b7 (base 13) to base 12
34b4
9aa (base 14) to base 2
11101111010
What is -34035 (base 6) in base 3?
-20112212
Convert -19b (base 12) to base 7.
-524
Convert 2ab9 (base 14) to base 13.
3606
-1000002 (base 3) to base 9
-1002
-2101222 (base 3) to base 12
-1022
Convert 366a8 (base 11) to base 10.
52753
What is 129 (base 15) in base 6?
1120
Convert 34010 (base 5) to base 10.
2380
What is 410214 (base 6) in base 12?
1696a
Convert d9a (base 15) to base 6.
22114
Convert 105 (base 8) to base 15.
49
What is -1291 (base 10) in base 2?
-10100001011
What is 2113 (base 4) in base 6?
411
-777 (base 10) to base 4
-30021
What is 2a3a (base 15) in base 9?
13371
8b2 (base 12) to base 5
20121
Convert 414 (base 11) to base 15.
234
What is -17094 (base 13) in base 5?
-2402221
Convert -b5db (base 14) to base 7.
-160264
-13422 (base 5) to base 6
-5052
What is -4421 (base 6) in base 16?
-3fd
Convert -1bc (base 13) to base 16.
-144
What is 12605 (base 14) in base 16?
b01d
-411 (base 8) to base 13
-175
What is -268 (base 14) in base 8?
-744
6355 (base 12) to base 5
321430
Convert -33e (base 16) to base 14.
-434
What is -3136 (base 10) in base 8?
-6100
-21202120 (base 3) to base 5
-140113
What is -11344 (base 5) in base 6?
-3533
-3424 (base 6) to base 2
-1100101000
Convert 41b (base 13) to base 4.
22330
-3ab3 (base 14) to base 6
-115525
154 (base 16) to base 2
101010100
What is -1636 (base 8) in base 2?
-1110011110
Convert 7413 (base 13) to base 15.
4b66
Convert -a5b2 (base 13) to base 15.
-6c0a
What is -15543 (base 8) in base 11?
-52a4
-172c (base 14) to base 15
-1371
What is -2146 (base 10) in base 11?
-1681
What is 3941 (base 10) in base 11?
2a63
What is 110 (base 16) in base 13?
17c
Convert -223644 (base 7) to base 13.
-15144
-355 (base 11) to base 4
-12213
522011 (base 6) to base 2
1010001110110111
-101000000 (base 2) to base 9
-385
What is c326 (base 15) in base 8?
120373
2132131 (base 4) to base 12
5a51
2722 (base 14) to base 11
51a4
Convert 1133103 (base 4) to base 11.
4645
What is -1211 (base 4) in base 11?
-92
-1130432 (base 5) to base 15
-622c
2041 (base 12) to base 15
108a
-226730 (base 8) to base 11
-53068
What is -1143 (base 7) in base 14?
-223
Convert 12921 (base 11) to base 16.
47ef
What is -2119 (base 16) in base 2?
-10000100011001
What is a093 (base 14) in base 9?
41732
-43d (base 16) to base 8
-2075
139 (base 14) to base 12
187
What is -30426 (base 8) in base 6?
-134102
What is 13c3 (base 13) in base 8?
5457
-1355 (base 12) to base 9
-3042
Convert -1001011011111 (base 2) to base 9.
-6557
10121 (base 5) to base 6
3021
11000111010111 (base 2) to base 4
3013113
What is 2163 (base 12) in base 4?
321123
Convert -561 (base 10) to base 12.
-3a9
Convert 1404 (base 6) to base 7.
1030
Convert -845 (base 10) to base 13.
-500
What is 1010121 (base 3) in base 2?
1100111010
Convert -483 (base 10) to base 3.
-122220
Convert 21412 (base 5) to base 10.
1482
Convert -1343 (base 13) to base 10.
-2759
What is 21002200 (base 3) in base 11?
3985
What is 121222 (base 3) in base 4?
13022
Convert -834 (base 12) to base 4.
-102220
Convert 131511 (base 6) to base 15.
3897
-111010000 (base 2) to base 16
-1d0
What is 14212 (base 6) in base 15?
9e5
What is 443432 (base 5) in base 16?
3c84
Convert -1111 (base 3) to base 15.
-2a
What is -1366 (base 12) in base 14?
-b5c
11101000 (base 2) to base 9
277
What is 3a1c (base 13) in base 4?
2001302
What is 1001 (base 2) in base 9?
10
Convert -3800 (base 10) to base 6.
-25332
What is -110201000 (base 3) in base 12?
-5439
What is -1202002 (base 3) in base 7?
-3464
Convert -3533 (base 8) to base 9.
-2522
32014 (base 5) to base 3
2221001
-2a6 (base 14) to base 15
-25d
-6563 (base 10) to base 2
-1100110100011
What is -149 (base 13) in base 3?
-22112
What is 3bb (base 13) in base 2?
1010010101
1a6 (base 13) to base 4
10301
Convert -615 (base 15) to base 8.
-2532
What is -1131421 (base 5) in base 16?
-517d
Convert 31 (base 4) to base 5.
23
-10011010 (base 2) to base 9
-181
What is 7bd (base 16) in base 15?
8c1
-43314 (base 5) to base 14
-1115
What is 2195 (base 12) in base 9?
5075
-2020011 (base 3) to base 8
-3130
Convert -7780 (base 9) to base 3.
-21212200
Convert -198 (base 12) to base 9.
-318
Convert -2302 (base 4) to base 6.
-454
Convert -69a (base 11) to base 13.
-4c3
Convert ca4 (base 13) to base 15.
992
-200253 (base 6) to base 16
-3d29
1284 (base 15) to base 16
f6d
Convert 3262 (base 10) to base 4.
302332
Convert -5171 (base 11) to base 7.
-25661
115 (base 14) to base 3
21222
-110464 (base 8) to base 